 Let x(q) = 4*q + 33. Let z(y) = y + 8. Let h(v) = -2*x(v) + 9*z(v). Let c be h(0). Give d(c).
-8
Let f(v) = -4*v - 3. Suppose i - 2 = 1. Calculate f(i).
-15
Let h(b) = -3*b + 21. Let q(l) = -l + 10. Let a(x) = -2*h(x) + 5*q(x). Give a(-5).
3
Let g(m) = -m**3 - m**2 - 4. Suppose 2*p + 62 = -2*v, p - 3*v - 3 + 22 = 0. Let r be (-3 + p/(-8))*0. Determine g(r).
-4
Suppose 0 = -3*f + 3. Let v(t) be the first derivative of 2*t**3 + t**2 - t - 5. What is v(f)?
7
Let j = -39 + 34. Let v(g) = 3*g + 3 - g - 2. Determine v(j).
-9
Let r(p) = 8*p**2 + 2*p - 2. Let g(o) = -7*o**2 - o + 1. Let s(i) = -7*g(i) - 6*r(i). Calculate s(5).
5
Let z(c) = c**2 + 3*c + 4. Let x be -1 + 1 + (5 - 2). Let o be (-5 - -2)/(1/(-1)). Suppose -2*s = -x*s - o. Calculate z(s).
4
Let u(v) be the second derivative of v + 0 - 1/12*v**4 - 3/2*v**2 + v**3. Let l = 5 + -1. What is u(l)?
5
Suppose p + 6 = -2*u, -p - u - 2 = -0*u. Let o(x) = 53 - 53 + p*x. Calculate o(1).
2
Let o(t) = 4*t**2 - 2*t + 1. Let b be o(1). Let x(w) = -8*w**2 - 6*w**2 + 12*w**2 + w**2 - 1. Determine x(b).
-10
Let h be (-12)/(-6) - 1/1. Let o(k) = -14*k + 1. Calculate o(h).
-13
Let q(b) = -7*b - 4. Let i(z) = -16*z - 8. Let h(r) = -3*i(r) + 7*q(r). Let n = 4 + -7. Let g be (-2)/((-2)/n) + 0. Give h(g).
-1
Let g(d) = d**3 - 4*d**2 + 5*d. Let q = -24 + 28. Determine g(q).
20
Suppose -y = 3*y - 5*a - 2, 5*y = -a + 17. Suppose -10 - 5 = y*d. Let b(l) = -2*l - 4. Determine b(d).
6
Let l(d) = -3*d + 0 + 2*d + 0*d + 2. What is l(0)?
2
Let v(s) = -8*s**2 + 2*s - 7. Let u(f) = 12*f**2 - 3*f + 10. Let n(b) = 5*u(b) + 7*v(b). Let a be (-18)/(-14) + (-2)/7. What is n(a)?
4
Suppose -5*w - 12 = 3*k, k + 2*w + 4 = 3*w. Let y(o) = -o**3 - 3*o**2 + 6*o + 1. Calculate y(k).
-7
Suppose 2*u = 3*u - 2, 4*z - 22 = -5*u. Suppose -z*t = -f - 5, 0 = -0*t + 4*t + 3*f + 2. Let c(j) = 2*j**2 - t - j**3 + 3*j**2 - j**2. What is c(3)?
8
Let u be -3*(-2 - 4/(-3)). Let i = -80 - -82. Let h(l) = -l - l**u + 3*l + l**3 - 1 + 4*l**i + 3. Calculate h(-3).
-4
Let f(r) be the second derivative of r**5/20 - r**4/4 + 2*r**3/3 - r**2 + 6*r. Let w be f(2). Let i(t) = -t**3 + 3*t - 3. Determine i(w).
-5
Let m(w) = -3*w - 3. Let c = -124 - -121. What is m(c)?
6
Let z(m) = -7*m**2 + 3*m + 5. Suppose h = 4*c - 51, 19 + 6 = 2*c - h. Let r(s) = 15*s**2 - 7*s - 11. Let q(v) = c*z(v) + 6*r(v). What is q(-3)?
-1
Let o(j) = 7*j**2 + 2*j - 6. Let x(a) be the third derivative of 2*a**5/15 + a**4/8 - 7*a**3/6 - 7*a**2. Let g(h) = -7*o(h) + 6*x(h). Calculate g(5).
-5
Let l(w) = -w + 4. Suppose -5*x = -0*x + m - 27, 0 = 4*x - 2*m - 30. What is l(x)?
-2
Suppose 0 = -11*h + 25 - 69. Let y(c) = 0 - 3*c - 4*c**2 - c**3 + 0*c + 0. Calculate y(h).
12
Let i(f) be the first derivative of -f**5/120 + f**4/4 - f**3 + 7. Let v(s) be the third derivative of i(s). What is v(6)?
0
Let l(v) = 0 + 0 + v**2 - 2*v + 0 - 3. Determine l(-3).
12
Let d(s) = -5*s + 2. Let p be -15*(0 + (-3)/9). Let o = p + -7. Let q(l) = -16*l + 5. Let v(a) = o*q(a) + 7*d(a). Calculate v(3).
-5
Let j(h) = -11*h**3 + 13*h**2 - 3*h + 14. Let k(n) = -7*n**3 + 8*n**2 - 2*n + 9. Let w(t) = 5*j(t) - 8*k(t). Let q(s) = 3*s + 1. Let m be q(-1). What is w(m)?
-8
Let w(l) = -5*l + l**2 + 0*l**2 + 2 + 1 + l. What is w(5)?
8
Let m(p) be the second derivative of p**6/60 + p**5/20 - p**4/24 - p**3/3 - 3*p**2/2 + 3*p. Let a(x) be the first derivative of m(x). Give a(-2).
-4
Let b(s) be the third derivative of -s**5/60 + s**4/6 - s**3/3 + 5*s**2. Let v(i) = i**2 - 9*i + 4. Let j be v(9). Calculate b(j).
-2
Let h(k) = -k - 7. Let r = -84 + 89. Give h(r).
-12
Suppose -4*i - 9 = 3*g + 6, 5*i = -2*g - 10. Let b(d) = 2*d - 7 - 5*d + i*d. Let j be 1 + (3 - 6) + -3. Determine b(j).
8
Let g = -3 + 3. Let o(m) = 5*m - 2. Let l(s) = 6*s - 2. Let p(d) = -6*l(d) + 7*o(d). What is p(g)?
-2
Let j(k) = -k**3 - 2*k**2 + 4*k + 3. Let m be 48/(-18) - (-1)/(-3). Give j(m).
0
Let d be (2 + -15 - -2) + -2. Let w(j) = -7*j + 10. Let i(f) = 15*f - 20. Let z(k) = d*w(k) - 6*i(k). Give z(0).
-10
Suppose 5*s - 19 = 4*r, 3*r - 8 = -3*s + 2*r. Let l(i) = 1 - 2*i**s - 3*i**3 - 4*i**2 + i + 4*i**3. Determine l(-4).
-3
Let p(u) = 125 - 125 - u. Give p(-4).
4
Let l be 1/3 + 20/12. Let k(h) be the first derivative of h**4/2 - 2*h**3/3 - 3*h**2/2 + 2*h - 5. Give k(l).
4
Let o(v) be the second derivative of -v**3/3 - 3*v**2 - v. Calculate o(-5).
4
Let l(w) be the second derivative of w**3/6 + w**2/2 - 15*w. What is l(-6)?
-5
Let z(f) = 2*f - 12. Let h be z(6). Suppose -2*s + 4 + 2 = h, x = 2*s - 2. Let m(u) = u**2 - 4*u - 5. Give m(x).
-5
Let c(m) = -m**2 - m. Let q(a) = a**3 + 7*a**2 + a + 6. Let z be q(-7). Let d(r) = -r**2 + r. Let x be d(z). What is c(x)?
-2
Suppose 3*j + 5*n + 37 = -j, -j + 2*n + 7 = 0. Let p(v) = 2*v**2 - 4*v**2 + 0*v + 3*v**2 + 4*v - 1. What is p(j)?
-4
Let g(o) = o**2 + 6*o + 6. Let p be ((-6)/4)/((-18)/24). Suppose -w = -p*z - 6, -4*w = -5*z - 10 + 1. Calculate g(w).
-2
Let c(h) be the third derivative of -h**5/60 + h**3/3 + 3*h**2. Let r be -3 + (2 + -2 - -3). Let b be 0 - 0/(r + 3). What is c(b)?
2
Let m(u) = -8*u + 4*u + 8*u - 1. Let g(x) = x**2 - 9*x + 2. Let h be 2*(5/2 - -1). Let f(q) = h*m(q) + 3*g(q). Give f(-2).
9
Let r(j) = -j - 1. Suppose -4*z = -4*a + a + 4, -4*a - 24 = 2*z. Let u be r(z). Let m(k) = k - 2 + 0 + u. Determine m(-2).
-1
Let z(l) be the first derivative of -l**2/2 + 2. Suppose 8 = -4*o - 8. Give z(o).
4
Let a(j) = j**3 - 6*j**2 + 5. Let q be a(6). Suppose -z - 2*i + 0*i = -4, 3*i - 6 = -z. Let v(c) = z - 5 + 0 + 2*c. Calculate v(q).
5
Let t(m) = -4 + 0*m - 3*m + 4*m. Suppose 2*j + j - v = -1, -4*v = 4*j + 12. Let f be 0*(-2 + (j - -2)). Determine t(f).
-4
Suppose -5*q - 2*w = -65 + 17, 4*w = -q + 24. Let k be (6/(-8))/((-2)/q). Let s(v) = -v + v + v**2 - 2 - k*v. Give s(3).
-2
Let a(t) = -t**3 + 5*t + 5. Let d be a(-2). Let z(r) be the second derivative of 1/2*r**2 - 2*r - 1/3*r**d + 0. What is z(3)?
-5
Suppose -6*i = 4*i + 50. Let k(q) = -1 + 0*q + 2*q**3 - 5*q**2 - 3*q**3 + q. Give k(i).
-6
Suppose 0 = -0*x + 4*x. Let m(i) = i + x*i - 3*i. Calculate m(1).
-2
Let u be (-12)/(-15)*(-5)/1. Let o = -1 + u. Let a be (-26)/(-10) - 2/o. Let h(y) = -y**3 + 4*y**2 - y - 3. Give h(a).
3
Suppose -4*u - 8 = -8*u. Let r be (1 - -2)/((-1)/(-1)). Let q(w) = w + r*w**3 + 5 + u*w**3 - 6*w**3 - 5*w**2. Give q(-5).
0
Let l(g) = -3*g**2 + 15*g. Let u(f) = -2*f**2 + 7*f. Let z(y) = -6*l(y) + 13*u(y). Determine z(1).
-7
Let o(j) = -10 - 6 - 11 - j**3 + 34. Calculate o(0).
7
Let j(a) = 3*a + 2*a**2 - 2*a + 0 - 1 - 2*a**3. Suppose 2 + 23 = 5*b + x, -3*x = 4*b - 31. Let d = -2 + b. Give j(d).
-7
Let l(d) = -d**2 + d - 1. Let v(t) = t**2 - 5*t + 6. Let w(x) = 2*l(x) + v(x). Let c = 3 - 6. Let g(b) = b**2 + 5*b + 2. Let i be g(c). Determine w(i).
0
Let s(x) be the third derivative of x**5/60 + x**4/12 + x**3/3 - 5*x**2. Calculate s(-2).
2
Let y(c) = c**2 - c. Let w be 17 - 13 - 1*4. Calculate y(w).
0
Let r(h) = h**2 - h. Let i(c) = -3*c**2 + 3*c - 4. Let g(v) = -i(v) - 2*r(v). Suppose 2*w + p + 5 = 1, -3*w - 4 = p. Give g(w).
4
Let f(w) be the first derivative of 0*w**2 - w + 1/3*w**3 - 1. Suppose 4*y + 0*y + 4 = 0. Determine f(y).
0
Let g(c) = -c**3 - 4*c**2 - 3*c + 1. Let a be g(-3). Suppose -2*m - 8 = 2*u, u + 4*m + a = -0*m. Let r(f) = 2*f + 4. What is r(u)?
-6
Let a(k) = -k - 2*k**2 - 4*k**3 + 3*k**2 + 2*k**3. Let u = 7 - 5. Let m = u - 1. Give a(m).
-2
Let h(g) = -8*g**2 + 4 + 0 + g**3 + 28*g - 37*g. Determine h(9).
4
Let t(j) be the third derivative of -j**6/60 - j**5/60 + j**4/8 + j**3/3 + 12*j**2. Give t(-2).
8
Let h(u) = -u**2 + 5*u - 4. Let x be -4*(-1)/(-4)*-3. Determine h(x).
2
Suppose -k = b - 1 - 4, 0 = -4*b - k + 17. Let a(x) = 3*x. Give a(b).
12
Let b(q) be the first derivative of -q**3/3 - q**2/2 - q + 2. Let s(o) be the third derivative of -o**5/20 + o**4/24 + 3*o**2. Let k be s(1). Determine b(k).
-3
Let a(j) = -2*j**2 - 9*j + 3. Let q be a(-5). Let z(k) = -3*k**2 + 2*k + 5. Let t(l) = l**2 - 1. Let b(r) = 4*t(r) + z(r). What is b(q)?
1
Let q(o) = -4*o + 2. Suppose 6 = 3*x - 2*x. Suppose v + 4 = t, x*t + v - 8 = t. What is q(t)?
-6
Suppose -2*w - 12 = -j, 5*w = 6*j - 2*j - 33. Let z(c) = -5*c**2 - 41*c + 21. Let d(i) = i**2 + 8*i - 4. Let s(n) = 11*d(n) + 2*z(n). Give s(w).
-7
Let u(l) = l**3 + 8*l**2 -